{"id":298,"date":"2020-10-14T23:05:59","date_gmt":"2020-10-14T21:05:59","guid":{"rendered":"https:\/\/test.poznanbrass.pl\/?page_id=298"},"modified":"2023-04-15T16:43:29","modified_gmt":"2023-04-15T14:43:29","slug":"o-zespole","status":"publish","type":"page","link":"https:\/\/www.poznanbrass.pl\/?page_id=298","title":{"rendered":"O zespole"},"content":{"rendered":"\n<p><strong>POZNA\u0143 BRASS<\/strong> to kwintet instrument\u00f3w d\u0119tych blaszanych, dzia\u0142aj\u0105cy w Poznaniu od\u00a01990\u00a0roku. Jego cz\u0142onkami s\u0105 tr\u0119bacze: Pawe\u0142 Zadro\u017cniak i Mateusz Wo\u0142cza\u0144ski, waltornista Damian Lotycz, eufonista Artur Mross oraz za\u0142o\u017cyciel zespo\u0142u &#8211; tubista Jacek Kortylewicz. Arty\u015bci regularnie wsp\u00f3\u0142pracuj\u0105 z czo\u0142owymi polskimi instrumentalistami, wyst\u0119puj\u0105c tak\u017ce w\u00a0powi\u0119kszonym, 10-osobowym sk\u0142adzie. Na ich repertuar, obejmuj\u0105cy epoki od renesansu do\u00a0wsp\u00f3\u0142czesno\u015bci, sk\u0142adaj\u0105 si\u0119 najwa\u017cniejsze pozycje literatury kameralnej oraz autorskie transkrypcje utwor\u00f3w wokalnych i orkiestrowych. Opr\u00f3cz tego kwintet wykonuje muzyk\u0119 marszow\u0105, rozrywkow\u0105 oraz rzadko dzi\u015b gran\u0105 muzyk\u0119 wie\u017cow\u0105. W 1995 r. zesp\u00f3\u0142 zaj\u0105\u0142 IV\u00a0miejsce na Mi\u0119dzynarodowym Konkursie Kwintet\u00f3w Blaszanych w Moers. Podczas swojej 33-letniej aktywno\u015bci da\u0142  1558 koncert\u00f3w w Polsce, Hiszpanii, Niemczech (m.in.: Berliner Dom), Czechach, Holandii i\u00a0W\u0142oszech. Pozna\u0144 Brass bierze udzia\u0142 w wielu krajowych festiwalach muzycznych, m.in.\u00a0we\u00a0Wroc\u0142awiu, Kamieniu Pomorskim, Le\u017cajsku, Dusznikach Zdroju, Kartuzach i Ko\u0142obrzegu. Zesp\u00f3\u0142\u00a0dokona\u0142 wielu nagra\u0144 radiowych i telewizyjnych. Ponadto prowadzi dzia\u0142alno\u015b\u0107 edukacyjn\u0105, organizuj\u0105c koncerty dla dzieci i m\u0142odzie\u017cy.<\/p>\n","protected":false},"excerpt":{"rendered":"<p>POZNA\u0143 BRASS to kwintet instrument\u00f3w d\u0119tych blaszanych, dzia\u0142aj\u0105cy w Poznaniu od\u00a01990\u00a0roku. Jego cz\u0142onkami s\u0105 tr\u0119bacze: Pawe\u0142 Zadro\u017cniak i Mateusz Wo\u0142cza\u0144ski, waltornista Damian Lotycz, eufonista Artur Mross oraz za\u0142o\u017cyciel zespo\u0142u &#8211; tubista Jacek Kortylewicz. Arty\u015bci regularnie wsp\u00f3\u0142pracuj\u0105 z czo\u0142owymi polskimi instrumentalistami, wyst\u0119puj\u0105c tak\u017ce w\u00a0powi\u0119kszonym, 10-osobowym sk\u0142adzie. Na ich repertuar, obejmuj\u0105cy epoki od renesansu do\u00a0wsp\u00f3\u0142czesno\u015bci, sk\u0142adaj\u0105 si\u0119 &hellip; <\/p>\n<p class=\"link-more\"><a href=\"https:\/\/www.poznanbrass.pl\/?page_id=298\" class=\"more-link\">Czytaj dalej<span class=\"screen-reader-text\"> O zespole<\/span><\/a><\/p>\n","protected":false},"author":1,"featured_media":0,"parent":0,"menu_order":0,"comment_status":"closed","ping_status":"closed","template":"","meta":[],"_links":{"self":[{"href":"https:\/\/www.poznanbrass.pl\/index.php?rest_route=\/wp\/v2\/pages\/298"}],"collection":[{"href":"https:\/\/www.poznanbrass.pl\/index.php?rest_route=\/wp\/v2\/pages"}],"about":[{"href":"https:\/\/www.poznanbrass.pl\/index.php?rest_route=\/wp\/v2\/types\/page"}],"author":[{"embeddable":true,"href":"https:\/\/www.poznanbrass.pl\/index.php?rest_route=\/wp\/v2\/users\/1"}],"replies":[{"embeddable":true,"href":"https:\/\/www.poznanbrass.pl\/index.php?rest_route=%2Fwp%2Fv2%2Fcomments&post=298"}],"version-history":[{"count":10,"href":"https:\/\/www.poznanbrass.pl\/index.php?rest_route=\/wp\/v2\/pages\/298\/revisions"}],"predecessor-version":[{"id":674,"href":"https:\/\/www.poznanbrass.pl\/index.php?rest_route=\/wp\/v2\/pages\/298\/revisions\/674"}],"wp:attachment":[{"href":"https:\/\/www.poznanbrass.pl\/index.php?rest_route=%2Fwp%2Fv2%2Fmedia&parent=298"}],"curies":[{"name":"wp","href":"https:\/\/api.w.org\/{rel}","templated":true}]}}