{"id":7,"date":"2020-08-31T22:29:29","date_gmt":"2020-08-31T20:29:29","guid":{"rendered":"https:\/\/test.poznanbrass.pl\/?page_id=7"},"modified":"2026-01-18T16:21:12","modified_gmt":"2026-01-18T15:21:12","slug":"o-nas","status":"publish","type":"page","link":"https:\/\/www.poznanbrass.pl\/?page_id=7","title":{"rendered":"O nas"},"content":{"rendered":"\n<p><strong>POZNA\u0143 BRASS<\/strong> to kwintet instrument\u00f3w d\u0119tych blaszanych, dzia\u0142aj\u0105cy w Poznaniu od\u00a01990\u00a0roku. Jego cz\u0142onkami s\u0105 tr\u0119bacze: Mateusz Wo\u0142cza\u0144ski i Tomasz Taciak, waltornista Damian Lotycz, euphonista J\u0119drzej Mehring oraz za\u0142o\u017cyciel zespo\u0142u &#8211; tubista Jacek Kortylewicz. Arty\u015bci regularnie wsp\u00f3\u0142pracuj\u0105 z czo\u0142owymi polskimi instrumentalistami, wyst\u0119puj\u0105c tak\u017ce w\u00a0powi\u0119kszonym, 10-osobowym sk\u0142adzie. Na ich repertuar, obejmuj\u0105cy epoki od renesansu do\u00a0wsp\u00f3\u0142czesno\u015bci, sk\u0142adaj\u0105 si\u0119 najwa\u017cniejsze pozycje literatury kameralnej oraz autorskie transkrypcje utwor\u00f3w wokalnych i orkiestrowych. Opr\u00f3cz tego kwintet wykonuje muzyk\u0119 marszow\u0105, rozrywkow\u0105, tradycyjn\u0105 r\u00f3\u017cnych narod\u00f3w oraz rzadko dzi\u015b gran\u0105 muzyk\u0119 wie\u017cow\u0105. W 1995 r. zesp\u00f3\u0142 zosta\u0142 laureatem na Mi\u0119dzynarodowym Konkursie Kwintet\u00f3w Blaszanych w Moers. Podczas swojej 35-letniej aktywno\u015bci da\u0142  ponad 1600 koncert\u00f3w w Polsce, Hiszpanii, Niemczech (Berliner Dom), Czechach, Holandii i\u00a0W\u0142oszech. Pozna\u0144 Brass bierze udzia\u0142 w wielu krajowych festiwalach muzycznych, m.in.\u00a0we\u00a0Wroc\u0142awiu, Kamieniu Pomorskim, Le\u017cajsku, Dusznikach Zdroju i Ko\u0142obrzegu. Zesp\u00f3\u0142\u00a0dokona\u0142 wielu nagra\u0144 radiowych i telewizyjnych. Ponadto prowadzi dzia\u0142alno\u015b\u0107 edukacyjn\u0105, organizuj\u0105c koncerty dla dzieci i m\u0142odzie\u017cy.<\/p>\n\n\n\n<p><\/p>\n","protected":false},"excerpt":{"rendered":"<p>POZNA\u0143 BRASS to kwintet instrument\u00f3w d\u0119tych blaszanych, dzia\u0142aj\u0105cy w Poznaniu od\u00a01990\u00a0roku. Jego cz\u0142onkami s\u0105 tr\u0119bacze: Mateusz Wo\u0142cza\u0144ski i Tomasz Taciak, waltornista Damian Lotycz, euphonista J\u0119drzej Mehring oraz za\u0142o\u017cyciel zespo\u0142u &#8211; tubista Jacek Kortylewicz. Arty\u015bci regularnie wsp\u00f3\u0142pracuj\u0105 z czo\u0142owymi polskimi instrumentalistami, wyst\u0119puj\u0105c tak\u017ce w\u00a0powi\u0119kszonym, 10-osobowym sk\u0142adzie. Na ich repertuar, obejmuj\u0105cy epoki od renesansu do\u00a0wsp\u00f3\u0142czesno\u015bci, sk\u0142adaj\u0105 si\u0119 &hellip; <\/p>\n<p class=\"link-more\"><a href=\"https:\/\/www.poznanbrass.pl\/?page_id=7\" class=\"more-link\">Czytaj dalej<span class=\"screen-reader-text\"> O nas<\/span><\/a><\/p>\n","protected":false},"author":1,"featured_media":0,"parent":0,"menu_order":0,"comment_status":"closed","ping_status":"closed","template":"","meta":[],"_links":{"self":[{"href":"https:\/\/www.poznanbrass.pl\/index.php?rest_route=\/wp\/v2\/pages\/7"}],"collection":[{"href":"https:\/\/www.poznanbrass.pl\/index.php?rest_route=\/wp\/v2\/pages"}],"about":[{"href":"https:\/\/www.poznanbrass.pl\/index.php?rest_route=\/wp\/v2\/types\/page"}],"author":[{"embeddable":true,"href":"https:\/\/www.poznanbrass.pl\/index.php?rest_route=\/wp\/v2\/users\/1"}],"replies":[{"embeddable":true,"href":"https:\/\/www.poznanbrass.pl\/index.php?rest_route=%2Fwp%2Fv2%2Fcomments&post=7"}],"version-history":[{"count":13,"href":"https:\/\/www.poznanbrass.pl\/index.php?rest_route=\/wp\/v2\/pages\/7\/revisions"}],"predecessor-version":[{"id":768,"href":"https:\/\/www.poznanbrass.pl\/index.php?rest_route=\/wp\/v2\/pages\/7\/revisions\/768"}],"wp:attachment":[{"href":"https:\/\/www.poznanbrass.pl\/index.php?rest_route=%2Fwp%2Fv2%2Fmedia&parent=7"}],"curies":[{"name":"wp","href":"https:\/\/api.w.org\/{rel}","templated":true}]}}